is m(q)?
19
Let d(p) = -p**2 - 6*p + 3. Let r be (8/5)/((-1)/10). Let m = r - -11. Determine d(m).
8
Let k be (-324)/9 + -1 + 0. Let x = -30 - k. Let b(l) = -l + 1. Determine b(x).
-6
Suppose -16 = -3*g - g. Suppose -g*c = -9*c. Suppose 0 = 4*b - 2*o, -o + 4 + c = 0. Let j(r) = r**2 - 2*r + 1. Determine j(b).
1
Let t(d) = d + 1. Let i be ((-80)/(-6))/(2/9). Let g = i + -86. Let j = g - -26. Determine t(j).
1
Let m(k) = -k**2 - 11*k - 8. Let z be m(-10). Let g(s) be the first derivative of -2*s**3/3 - s - 6. Let j(y) be the first derivative of g(y). Calculate j(z).
-8
Suppose c - 4 = -7. Let h(g) be the second derivative of g**5/20 + g**4/3 - g**3/6 - g**2 - 4*g. Determine h(c).
10
Suppose -30 = 2*j - 4*b - 4, 4*b - 24 = 4*j. Let i(s) = 7*s + 7. Let l(w) = -1. Let x(g) = -i(g) - 6*l(g). Calculate x(j).
-8
Suppose d = -2*o + 20, 2*o - 29*d - 36 = -26*d. Let v(u) = u**3 - 11*u**2 - 12*u - 8. Determine v(o).
-8
Let c(v) = 0*v**2 + 2*v**2 - 4*v**2 + 6 - 37*v + 40*v. What is c(3)?
-3
Let j be -3*((-20)/6 + 1). Let b(y) be the third derivative of -y**6/120 + 7*y**5/60 - y**4/12 + 5*y**3/6 + 2530*y**2. Calculate b(j).
-9
Let s(j) = -3*j**2 - 5*j - 15. Let q(t) = 5*t**2 + 9*t + 27. Let x(p) = 4*q(p) + 7*s(p). What is x(4)?
-9
Let i(o) = -9*o**2 - 8*o**2 - 6 + o**3 + 5*o**2 + 6 + 8 + 10*o. Give i(11).
-3
Let r be 0/(-1) - 66/11. Let t(c) = 2*c**2 - 281 + 8*c - 276 + 562. Give t(r).
29
Let b(s) be the first derivative of -s**3/3 - 171. What is b(-4)?
-16
Let c(j) = j**2 + 18. Let p = 7 + -4. Let l(n) = n**3 - 4*n**2 + 5*n - 4. Let b be l(p). Suppose -b*y - 2*y = 0. What is c(y)?
18
Let w(g) be the first derivative of 0*g + 1/40*g**5 + 0*g**2 + 5/24*g**4 + 5/3*g**3 + 2. Let a(b) be the third derivative of w(b). Calculate a(-4).
-7
Let l be 3/(-15) - (-558)/90. Let j(z) = 5*z + 10. What is j(l)?
40
Let v(y) be the first derivative of -y**4/4 + 4*y**3/3 - 3*y**2/2 + 3*y + 6. Give v(4).
-9
Let p(m) = 2*m**3 + 2*m**2 + 2*m + 3. Let l be (-44)/28 + (-6 - (-78)/14). What is p(l)?
-9
Let y(d) = -3*d - 4. Suppose -8 = 5*r + 2*g + g, 3*r + 8 = -5*g. Give y(r).
-1
Let r be 8/6*18/8. Suppose -17 = -5*h + r. Let n(s) = -3*s + 4. Let b(l) = -l + 1. Let f(x) = 2*b(x) - n(x). Calculate f(h).
2
Let g(t) = t**2 + 8*t + 6. Let m be g(-7). Let b = 4 + m. Let s(r) = r - 8. Let l(z) = -z + 7. Let f(o) = b*s(o) + 4*l(o). Calculate f(5).
-1
Let m = 1662 + -1667. Let r(v) = -3*v**3 - 15*v**2 - 2*v + 1. Determine r(m).
11
Let w(v) = -3*v - 7. Suppose -27*c - 354 = -435. Give w(c).
-16
Let k be (-1 - 1) + -2 + -1. Let w(j) be the second derivative of j**4/24 + j**3/3 + 5*j**2/2 + 3*j. Let o(v) be the first derivative of w(v). Give o(k).
-3
Let k(u) = -u**2 - 6*u + 1. Let g(m) = 2*m**2 - 62*m - 137. Let p be g(33). Calculate k(p).
6
Let m(g) be the third derivative of -1/12*g**4 - 1/60*g**5 + 0 + 0*g**3 - 29*g**2 + 0*g. Determine m(-2).
0
Let z be (0 + 3)/(12/16). Suppose 2*b - 3*y = 53, -b + 101 = z*b + 3*y. Let q = 16 - b. Let w(f) = f**3 + 5*f**2 - 8*f - 9. What is w(q)?
3
Let y(k) be the third derivative of -k**4/24 + k**3/6 + 13*k**2 - 5*k. Let b(g) = -g**2 + 7*g + 4. Let h be b(7). Determine y(h).
-3
Suppose 22 = 4*m - 2*s + 10, -s = 5*m - 22. Suppose m*w + 5*k + 10 = 0, 3*w + 5*k = -0*k - 5. Let g(u) = u**2 + 4*u - 3. What is g(w)?
2
Let k(o) = o**3 - 9*o**2 - 11*o - 10. Let f(m) = -2*m**3 + 20*m**2 + 23*m + 21. Let h(b) = -3*f(b) - 7*k(b). Determine h(5).
-3
Let r(o) = -3*o + 12*o + 39 - 77 + 41. Calculate r(-2).
-15
Let o be 154/484 + 4/22. Let n(s) be the second derivative of o*s**2 + 0 - 1/6*s**3 - 1/12*s**4 + 11*s + 1/20*s**5. What is n(0)?
1
Let n be 1 + (-70)/((-10)/2). Let p(k) = k - 16. Give p(n).
-1
Let o(b) = 42*b - 4 - 45*b - 2. Give o(7).
-27
Let a = 122 + -119. Suppose 0 = -q + 2*b - 1, q + 0*b - b = -a. Let g(z) = 2*z - 4*z**2 - 4 + 2*z**3 - 3*z**3 + 0. Give g(q).
11
Let v(p) be the first derivative of 1/2*p**2 - 2*p + 4. Let s(x) = -x + 2. Let k(b) = -5*s(b) - 6*v(b). Determine k(-4).
6
Let h(s) = s**3 + 4*s**2 - 3*s + 5. Suppose -6*z = 3*q - 2*z + 86, -4*z - 64 = 2*q. Let a = q + 17. What is h(a)?
-5
Let y(v) = -v + 3. Let z = -164 - -177. Calculate y(z).
-10
Let a(w) = -w**2 + 2*w. Let k = -51 + 78. Let i be (-5)/20*-4 + 11. Let b be (k/i + -3)*-4. What is a(b)?
-3
Let o(b) be the first derivative of -16*b**2 + 124. Give o(1).
-32
Let j(h) = -2*h - 19. Let m be 4/(-68)*-17*14/(-2). What is j(m)?
-5
Let a(u) be the second derivative of -u**4/12 - 4*u**3/3 + 27*u**2/2 - 2*u - 42. What is a(-11)?
-6
Suppose -2*g + g = b, 0 = 3*b - g + 12. Let f(i) = -i**2 + 37*i - 215. Let t(n) = -11*n + 61. Let r(u) = 2*f(u) + 7*t(u). What is r(b)?
-12
Let z(n) = -19*n**2 + 1. Let x be (2 + -3 - -1) + 2. Suppose 4*u + 9 = t, u + x = 4*t + 2*u. Determine z(t).
-18
Let i(l) be the third derivative of -5*l**4/24 - l**2. Suppose 0 = 2*o - 17 + 21. What is i(o)?
10
Let a(z) = -173*z + 2*z**2 + 0 + 21 + 220*z - 4. Let f be a(-23). Let q(u) = u**3 + 5*u**2 - 6*u + 4. Give q(f).
4
Let j(v) = -v**2 + 3*v + 4. Suppose -2*l = -3*s - 16, -13*s + 12*s - 17 = -3*l. What is j(l)?
-6
Let f be (4/(-6) + 124/(-12) + 12)*1. Let x(c) = c**2 - 2*c**3 - c + 1 + 7*c**3 - c**3. What is x(f)?
5
Let t(f) be the second derivative of -f**4/12 + 4*f**3/3 - 9*f**2/2 + 12*f. Let s be (-6)/(-18)*(1 + 20). What is t(s)?
-2
Let z(u) = -u**3 - 2*u**2 + u - 1. Let n(w) = -w**3 - 9*w**2 + w - 2. Let h(f) = -n(f) + 2*z(f). Calculate h(5).
5
Let p(i) = -i**3 + 3*i**2 + i. Suppose -3*b + 4*t + 13 + 3 = 0, 5*t = 3*b - 17. Let k(q) = -3 + 3*q + 27*q**2 - 3 - 28*q**2 + b*q. Let j be k(5). Give p(j).
-12
Let h(d) = -d**2 + 13*d - 12. Let u = -19 + 16. Let m(p) = -2*p**2 + 25*p - 23. Let z(g) = u*m(g) + 5*h(g). What is z(7)?
-12
Suppose 5*k - 3 = 12. Let y be -3 - (k - (-1 - -4)). Let g(d) = -2 - 4*d + 2*d + d. What is g(y)?
1
Suppose 6*v + 2*v = -40. Let x be (-1 + v)*(0 - 1). Let w(q) = 6*q**2 - 4*q - x*q**2 + q**2 - 4*q + 9. What is w(7)?
2
Let h be ((-40)/5 - -9)*(-3)/(-1). Let z(a) be the second derivative of 1/12*a**4 + 2*a**2 - a + 7/6*a**h + 0. Give z(-5).
-6
Let u(x) = 4*x**3 + 2*x**2 + 4*x + 3. Let j(s) = 2*s**3 - 45*s**2 - 22*s - 24. Let w be j(23). Determine u(w).
-3
Let t(b) = -7*b - 5. Let x(a) = -6*a - 4. Let q(f) = -5*t(f) + 6*x(f). Suppose 2*g - 1 = 7. Let y(p) = -7*p + 4. Let o(u) = g*q(u) - y(u). Give o(1).
3
Suppose 5*r + 5*c + 40 = 0, -5*r - 4*c - 11 = -8*r. Let v(f) = -2*f**3 - f**2 + f - 2. Calculate v(r).
40
Let v = -94 - -101. Let z(h) = 6*h**2 - h**2 - h - 6*h**2 + 10 - v*h. Determine z(-8).
10
Let g = -27 + 29. Let i(a) = 5*a. Determine i(g).
10
Let t(x) = -3*x**2 - 6*x - 4. Let n(d) = 8*d**2 + 11*d + 7. Let l(c) = -2*n(c) - 5*t(c). Calculate l(5).
21
Let z(p) be the third derivative of -p**5/120 + p**4/4 - p**3/3 + p**2. Let y(o) be the first derivative of z(o). Give y(8).
-2
Let x(o) = 3 + o**3 + 8*o**2 + 5*o + 0 - 2*o**2 - 4. Suppose 4*b - 4 = -4*d, -5*b + 2*b - 1 = d. Suppose m = -2*q - 11, -2*q - 15 = d*q - 5*m. Give x(q).
-1
Let p(x) = -1 + x**2 - 3*x - 4 + 1. Let s be 2 + (-8)/5 + (-23)/(-5). Suppose 5*c - 4*u - 11 = 0, -2*c + c + s*u = 2. Calculate p(c).
-4
Let s(i) = -2*i**3 + 4*i**2 - 3*i + 2. Let b be s(2). Let z(j) = 41*j**2 + 21*j - 1. Let o(n) = -33*n**2 - 18*n. Let x(h) = 5*o(h) + 4*z(h). Determine x(b).
4
Let s(h) = h**3 + 9*h**2 + 13*h - 2. Let j(l) = l**3 + 8*l**2 + 15*l - 1. Let n(x) = -2*j(x) + 3*s(x). Let d(f) = -10*f**3. Let y be d(1). What is n(y)?
6
Let y(z) = 0*z - 17 + z + 18 + 0*z. Let c be 16/24 + -7 + 1/3. Give y(c).
-5
Let h(z) = -7*z**3 - 12*z**2 - 7*z + 21. Let c(k) = -3*k**3 - 6*k**2 - 3*k + 9. Let a(b) = -5*c(b) + 2*h(b). Suppose 0*x = 2*x + 10. Give a(x).
17
Suppose p + 4*p = 5*i - 200, 4*i = -5*p + 142. Let c = -26 + i. Let n be c/(-8)*(-12)/(-9). Let f(k) = -k**2 + 2. Give f(n).
-2
Let v(q) be the first derivative of -1/3*q**3 - 2*q**2 - 3*q - 1/4*q**4 - 4. Determine v(-2).
9
Let h(c) = -c**2 + 108 + 9*c - 220 + 104. What is h(7)?
6
Let o(u) = u**3 - 9*u**2 + 3*u + 12. Let k be o(9). Let y(a) = k*a - 21*a - 4 - 19*a. Determine y(-3).
-1
Let x be (3/(-5))/((-2)/10). Let t(u) be the second derivative of u**3/6 - u**2 - 8*u + 2. Give t(x).
1
Let l(f) be the third derivative of f**4/24 + 54*f**2. Give l(6).
6
Let r(v) be the third derivative of v**5/60 + v